3*o - 4*h - 9 = -h, -h = 5*o - 15. Calculate the greatest common divisor of 6 and o.
3
Suppose v = -0*v. Suppose s + v = 15. Calculate the greatest common divisor of 10 and s.
5
Suppose 0 = -n - 2*n - 18. Let h be 16/24 - 644/n. Calculate the greatest common factor of 12 and h.
12
Let c = 99 - 90. Suppose 0 = 4*l - 0*l - 12. Let v = l + 0. Calculate the highest common factor of v and c.
3
Suppose -3*x = -673 - 1343. Suppose -2*m + x = 2*m. Calculate the highest common divisor of 21 and m.
21
Suppose 3 = -5*x + 38. Suppose 0 = -5*c + 5*f + 375, x*c = 2*c - f + 357. Calculate the greatest common divisor of 8 and c.
8
Let z = -2 + 4. Let l(x) = 39*x + 2. Let q be l(z). What is the greatest common factor of 10 and q?
10
Suppose -2*a + 137 = -281. Suppose -3*p - a = -4*f, f + 102 = 3*f - 2*p. Suppose 2*n = -2*n + f. What is the greatest common divisor of n and 35?
7
Let l be (-6)/15 + (-48)/5. Let i be (5 - 0)*(-6)/l. Suppose 0 = -i*g - g + 8. What is the greatest common divisor of g and 2?
2
Suppose 0 = 4*j - 0*j - 104. Suppose 3*h - h - j = 0. Suppose -2 - h = -u. What is the greatest common divisor of 105 and u?
15
Suppose 66 - 24 = 2*b. Calculate the highest common divisor of 231 and b.
21
Let p be (-1)/(-4) + 47/4. Let a be ((-4)/(-3))/((-1)/(-36)). What is the highest common divisor of p and a?
12
Suppose -n = 2*n - 408. Let d = 56 + -39. Calculate the greatest common factor of d and n.
17
Let k = -6 - -11. Suppose 5*i - k*v = -4 + 94, -5*v - 20 = 0. What is the greatest common divisor of 154 and i?
14
Let i(r) = -5*r**2 + 5*r + 2*r**3 - r**3 - 6 + r. Let s be i(4). What is the highest common factor of 14 and s?
2
Let z = 9 - 9. Suppose z = -b - 2*b + 180. Calculate the highest common factor of 24 and b.
12
Suppose r = 65 + 78. Calculate the highest common divisor of r and 13.
13
Let z = -81 - -122. Let p = z + -19. Calculate the highest common divisor of 154 and p.
22
Let h(z) = z**2 + 2. Let c be h(0). Suppose 4*v = -3*y + 75, -13 = 5*v + c. Calculate the greatest common factor of y and 116.
29
Suppose -i = 2*i - 18. Suppose a - i*a = -5. Let o be (8/(-6))/(a/(-48)). Calculate the greatest common factor of o and 16.
16
Let d be ((-2)/(-6))/((-5)/45). Let r(v) = v**2 - 3. Let j be r(d). What is the greatest common factor of 24 and j?
6
Let r(l) = -l**2 + 2. Let a be r(0). Suppose y = a*y. Suppose -x + 7 = -y*x. What is the highest common factor of x and 7?
7
Suppose 3*m + 2*m = -3*k - 2, -k + 4*m = -22. Suppose 5 = y + k. Let o = y - -3. Calculate the highest common divisor of o and 1.
1
Let a(i) be the third derivative of -11*i**4/6 + i**3/3 - 2*i**2. Let u be a(-2). Let d be -2 - 0 - (1 - 13). Calculate the highest common factor of u and d.
10
Let u(g) = -g - 2. Let n be u(-8). Suppose 0 = 2*m + 2*z - 46, 4*z - 67 - 50 = -5*m. Let i = -10 + m. Calculate the greatest common factor of n and i.
3
Let q = -4 - -5. Let y = q + 0. Calculate the highest common factor of 8 and y.
1
Suppose -22 = -2*p + 10. What is the greatest common divisor of 112 and p?
16
Let c = 3 - 3. Suppose 3*y + 0*y - 48 = c. Suppose -5*a + 252 + 68 = 0. Calculate the greatest common divisor of y and a.
16
Let a be 6/(-2) - -14 - -2. What is the greatest common factor of 13 and a?
13
Let r = 15 + -7. Suppose 3*t = 12 + 3. Suppose -t*g + 162 = -r. What is the highest common divisor of 85 and g?
17
Suppose -4*m + m - 6 = 0, 5*u = -4*m + 122. Calculate the greatest common divisor of u and 286.
26
Let l(n) = n + 3. Let g be l(3). Suppose -g*i + 60 = -5*i. What is the highest common factor of 15 and i?
15
Let z = -39 - -72. Calculate the highest common divisor of z and 11.
11
Suppose -o + 37 = -15. Calculate the highest common factor of 78 and o.
26
Suppose -2*a - u - 20 = -7*a, 12 = 3*a + 2*u. What is the greatest common divisor of a and 44?
4
Suppose w - 3*i + 1 = 3*w, 2*w - i - 21 = 0. Let o = w + 10. What is the highest common divisor of 45 and o?
9
Suppose 90 = 2*f - 208. Suppose 0 = 3*g + 14 - f. Calculate the highest common divisor of 5 and g.
5
Let y(b) = b**3 + 8*b**2 - 10*b + 12. Let g be y(-9). Suppose f = 4*m + 23, 5*m - 134 = -4*f - g. Calculate the greatest common divisor of f and 3.
3
Let v = 1 + 3. Suppose v*u = -u - 10. Let r = u + 6. Calculate the greatest common divisor of 24 and r.
4
Suppose -4*x + 27 = -197. Suppose -o = 2*o - 2*g - 52, -4*g + x = 2*o. Calculate the highest common factor of o and 50.
10
Let o be -5 - (1 - (-2 + 4)). Let d(f) = f**2 + 2*f - 3. Let h be d(o). Let c be 5/h*(14 + -1). What is the highest common factor of 117 and c?
13
Let y be 1/(-3) - (-1461)/9. What is the highest common factor of 18 and y?
18
Suppose 9 = 4*r - 3. Suppose -r*z = 2*n - 8, -2*n = z - 6*z - 40. Let q = 0 - -2. What is the greatest common divisor of n and q?
2
Suppose -3*w = -7 - 8. Suppose -a - 48 = -w*a. Let n = -23 - -47. What is the greatest common divisor of a and n?
12
Let v = -151 - -160. Let o be (-1)/1*-9*1. Calculate the greatest common divisor of o and v.
9
Let t be (-3)/6*2*41. Let c = t - -71. Suppose -4*p + 9*p - 60 = 0. Calculate the greatest common factor of c and p.
6
Suppose 2 = 2*m - 0. Suppose 2*g + 86 = -5*c + g, 0 = -c - 4*g - 2. Let f be (-202)/c - (-2)/(-9). What is the highest common divisor of m and f?
1
Suppose 2*h + d = -2*d - 21, 5*h = -d - 20. Let x be (26 - 3) + 1 + h. Calculate the greatest common factor of x and 3.
3
Let f(g) = -2*g + 17. Let r be f(7). Suppose r*w - 4*m + 87 = 430, 4*m = 8. Calculate the greatest common factor of 13 and w.
13
Let k(p) = -p**3 - 8*p**2 - 8*p - 4. Let q be k(-7). Suppose -i - 3*o + 39 = q*i, 0 = -5*i + 5*o + 75. What is the greatest common divisor of i and 48?
12
Suppose 2*k - 3*y - 2123 = -3*k, 4*k - 1699 = 3*y. Suppose -h + 91 = d, 3*h + 4*d + 152 - k = 0. What is the highest common factor of 23 and h?
23
Let y be 85/2 + 1/(-2). Suppose 9*w - 5*n - 135 = 4*w, y = w - 4*n. Calculate the highest common divisor of 2 and w.
2
Let s be (-164)/(-10) - (-4)/(-10). Let n = s - -38. What is the greatest common divisor of n and 18?
18
Let t be (8/(-4))/((-3)/132). Calculate the greatest common divisor of t and 22.
22
Let o = -33 + 42. Calculate the highest common divisor of o and 6.
3
Let r be ((-40)/50)/((-2)/30). Calculate the greatest common divisor of 4 and r.
4
Let h(b) = -7*b + 8. Let z be h(-4). Let r(o) = o**2 - 1. Let d be r(-3). Let j = d - -1. Calculate the highest common divisor of j and z.
9
Let r be 2/(1/48*1). Let t be 3/(-12) + (-49)/(-4). What is the greatest common divisor of t and r?
12
Let v be (-196)/(-12) + 2/3. Suppose -3*c = 130 + 59. Let f = c + 148. Calculate the greatest common factor of v and f.
17
Let d be 2 - 2*(-6)/6. Calculate the greatest common factor of d and 4.
4
Let i = 62 + -16. Calculate the highest common divisor of 506 and i.
46
Let d(v) = v**2 - v + 39. Let a = 1 + -1. Let i be d(a). Suppose -2*z = -2*r + 14, 5*r = 3*r - 3*z + i. Calculate the greatest common divisor of r and 2.
2
Let k(v) = 8 - 5*v - 1 - v**3 - 3 + 4*v**2. Let i be k(3). Let t be (-1)/(1/i) + 119. What is the highest common factor of t and 11?
11
Let p(n) = 7*n + 8. Let z = -1 + 9. Let w be p(z). What is the highest common factor of 8 and w?
8
Let o(r) = -r**2 - 3*r - 1. Let v(j) = 5*j**2 + 12*j + 4. Let b(p) = 18*o(p) + 4*v(p). Let q be b(5). What is the greatest common factor of 9 and q?
9
Let t(l) = l**2 - l + 15. Let o be t(0). Let p be 57 - (3 + -2) - -1. Suppose -3*j - o = -p. Calculate the greatest common factor of 56 and j.
14
Let w = 5 - -5. Let t = w + -7. Suppose t*a = 8*a - 60. Calculate the greatest common divisor of 30 and a.
6
Let y = -9 + 22. Calculate the greatest common factor of 117 and y.
13
Let f be (8/2)/(1/32). Suppose 18*h - 22*h = -5*n + 156, -163 = -5*n - 3*h. Calculate the highest common divisor of f and n.
32
Suppose -96 = -2*l - 4*b + 2*b, 3*b + 12 = 0. Let m = 75 - l. Calculate the highest common factor of m and 253.
23
Suppose 2*v = -4*t + 116, -3*v + v + 4*t + 76 = 0. What is the highest common divisor of v and 120?
24
Suppose -8*t + 372 = 60. Calculate the greatest common factor of t and 195.
39
Suppose d = -d + 2, 5*q + 3*d = 73. Suppose q = 3*w - 19. Let u(y) = 12*y - 4. Let i be u(4). What is the highest common divisor of i and w?
11
Let l be 2 + 4/(-8)*-17